4 - (5 + -5))).
48
-51 - (20 - 60) - 74
-85
Calculate 2 + (-2 - -17) + (841 - 826).
32
What is 12 + -10 + (0 - 0 - (4 + 8))?
-10
(104 - 144) + (23 - 9)
-26
13 + -48 - -11 - 11
-35
What is -150 + 71 + 39 + (4 - -1 - -2)?
-33
Calculate -102 + 126 + -137 + 78.
-35
What is -35 - (3 + 42 - 52)?
-28
Evaluate (-71 - -3) + 1035 + -1066.
-99
Evaluate (7 - 1) + -3 - (52 - (76 - 103)).
-76
-49 - -3 - ((-79 + 25 - -34) + 8)
-34
What is the value of 35 + -160 + 9 + (-8 - (8 + -1 - 8))?
-123
Calculate 43 - (27 + -1 + (1656 - 1681)).
42
What is 11 + -2 - (-4 - -24 - 70)?
59
Evaluate (13 - (1 - 0)) + 74 + (36 - 74).
48
70 + -92 - -36 - -32
46
What is the value of 37 - (20 - 10) - (-10 - -10)?
27
Calculate 90 + -6 + (-4 - (-2 - -6) - 2).
74
What is the value of -75 + 18 - (19 - 12 - 25)?
-39
Calculate 3 + -103 + -286 + 318.
-68
Evaluate -1 - 19 - (-4552 - -4572).
-40
(9 - 23) + -16 + (-2 - -1) + 4
-27
What is the value of -111 + (232 - (103 + 32))?
-14
-5 + -39 + 54 - 39
-29
Evaluate ((-24 - -5) + 54 + -33 - 8) + 6.
0
Calculate -1 + (0 - -17) - 7 - (28 + 43).
-62
What is the value of (-3 + 2 - (41 + -46)) + 30 + -14?
20
What is 22 + -11 - (-14 + 18) - (57 - (1 + -4))?
-53
What is (70 - 37) + -122 + 53 + (-1 - (2 - 15))?
-24
-1618 - -1595 - (-8 - (-1 - 2))
-18
What is the value of 118 - (17 + 10 - -7) - 37?
47
Evaluate -11 + (-104 - (-45 - -28 - 6)).
-92
-12 + (0 + -20 - (-164 + 178))
-46
Calculate (-16 + (0 - -9) + 53 + -52 - 6) + -62.
-74
Evaluate 162 - (-46 - (11 + -111)).
108
What is the value of -5 + (99 - 11) + (37 - (-3 - -65))?
58
Calculate (24 - 14) + 4 + (-5 - 5 - -9).
13
(13 - 24) + (-394 - -386) + (-1 - 113)
-133
Calculate -46 + (-66 - -89) + 12 + 0 + -1.
-12
Evaluate -31 + (-34 - -77 - 63).
-51
Evaluate -92 - (-64 + 49 + (-3 - 8)).
-66
What is 11799 + -11780 + (-3 - (-2 + 2))?
16
What is 10 + (-2 + 2 - 4 - (27 - (4 - -21)))?
4
Evaluate (-17 - -10) + 10 - (24 - -4 - -10).
-35
What is (43 - (-18 - (-1 - 30))) + -99?
-69
Calculate 256 + -326 + -9 + 68.
-11
What is the value of (-6 - (1 + 0) - -2) + (-8 - -4) + 63?
54
Evaluate (1464 - 1373) + 5 + (2 - (4 - 3)).
97
Calculate 65 + (-23 - (-11 + -13 + 18)).
48
What is -89 - (0 + -2) - (-7 + -2 + 11) - -4?
-85
-39 + 21 - (-8 - 5 - 2) - -10
7
What is 92 - (-66 + (133 - 5))?
30
What is 10 - 27 - -6 - (-6 - (6 - 8)) - -26?
19
Calculate (-28 - (29 + -33)) + -39.
-63
What is -73 + 48 + (23 - -1) + -11 + -45?
-57
What is (-1 - -6) + -41 + 42 - (-1 + 4)?
3
What is (-17 - 6 - -6) + 9 + (1 - 1) + 3?
-5
Evaluate (604 - 562 - (-1 + 22)) + 9.
30
What is 39 + 5 + 21 + -53?
12
What is the value of 354 - 369 - (1 - (0 + 2) - (-18 + 17))?
-15
What is the value of -7 + (1 - -25 - (6 + -24))?
37
77 + 7 + 14 + 7 + -27 + 25
103
What is the value of 8 + -4 + -14 - (73 + -61)?
-22
What is 9 - -11 - (106 - 35 - 25)?
-26
Evaluate (-1 - ((0 - 6) + 20)) + -97 + 77.
-35
Evaluate 66 + -16 + -42 - 4.
4
What is -102 + 212 + (-50 - 17)?
43
55 - (-19 - (-66 - -41) - (-1 + 1 - 2))
47
What is the value of (-2 - -6) + (16 + -4 + 4 + -23 - -6)?
3
Evaluate -12 - 1 - (26 + -15 + -20).
-4
What is -36 - (35 - (14 - (16 + 11) - -30))?
-54
Evaluate -1 + (0 - 37 - -1) - (-329 + 645 - 323).
-30
(-62 - (7 - (-18 + 57))) + 38
8
What is the value of -569 + 570 - (3 + -30)?
28
(-30 - (148 - 120)) + 154
96
What is -11 - (-20 + 51 + -35)?
-7
What is the value of 12 - (26 + (-15 - 25) + -13 + -1)?
40
What is the value of (-250 - (-27 - 91)) + 150?
18
What is (-8 - (-83 + 37)) + -17 + (0 - -3)?
24
What is the value of -997 + 1087 - (-1 + 38)?
53
43 - (-1 - (-54 - -30))
20
Calculate -2 + 15 + 12 + -18 + 10 + -109.
-92
Evaluate (45 - (-15 + 24 + -12)) + 12 - 3.
57
What is the value of (46 - -2) + 3 + -3316 + 3284?
19
Calculate 27 + -1 + 43 + (-2 - 14).
53
What is (-213 - (-226 + 100)) + 4 + -1?
-84
Evaluate (-16 - -5) + 3 + 21 + 20 + -85.
-52
Evaluate -11 - -2 - 3 - (38 - -104 - 252).
98
What is 149 + -117 + (-10 - (0 + 7)) + -8 + -158?
-151
What is the value of (54 - 61) + 120 - 54?
59
What is the value of 0 + -2 - ((-8 + 12 - -8) + -24)?
10
-15 - (-38 - (-24 + 3) - -5)
-3
What is (-13 + 0 - -19) + -59?
-53
Calculate -99 + -24 + (63 - -8).
-52
What is 9379 - 9374 - (-41 - (1 + 1))?
48
(-82 - 2) + (-440 - -474)
-50
What is (-8 + -16 - (30 + -25)) + 28?
-1
What is (2 - 1 - 69) + 12 + (-1 - -12 - 18)?
-63
What is the value of 12 + -6 + (11 - 7) - (15 + -3) - 14?
-16
Calculate -99 + (399 - 106 - 157).
37
(4 - (-42 - (-8 - -3))) + 56
97
What is -4 + 0 + (-1 - 1) - (-235 + 132)?
97
-66 - ((20 - 3) + 1 + -8 - (8 - 7))
-75
What is the value of (-2 + -4 - 22) + (1 - 5 - (-4 + 2))?
-30
Evaluate (-77 - (-16 + -17)) + (0 - 4) + 6 + 6.
-36
(20 - -1) + (33 - (7 - (-64 - -29)))
12
(1 - 4) + 9 + 1322 + -1304
24
Evaluate (-1 - -1) + (618 - 584) - 40.
-6
16 - ((7 + 6 - -30) + 3) - 8
-38
What is the value of -818 + 781 + (3 - 5) + 12 + 4?
-23
What is the value of 1 - (-8 - 0) - (-117 + 206 - 26)?
-54
Evaluate (289 - 276) + (0 - -20) - 16.
17
Evaluate (9 - 7) + (36 - (1 + 20)).
17
Calculate (-5 - 0 - (-120 - -100)) + 1.
16
What is (-12 - (40 + -22)) + 71?
41
What is the value of -20 + 56 + -79 - -54?
11
What is -22 - (52 - 54 - (34 - -1))?
15
What is the value of 62 + 16 + -35 + 4 + -8?
39
What is -22 + 20 + -4 + 13 - (0 - 34)?
41
Evaluate -70 + (77 - 15) - -23.
15
(3 - -11 - ((9 - -19) + -7)) + 12
5
(6 - (16 + -12)) + -6 + -2
-6
Evaluate -66 - 0 - (27 + -19 - 12 - (1 + -7)).
-68
Evaluate (-2 - (10 + 6 + -14) - -7) + 4 + -50.
-43
What is (-32 - (-168 + 105)) + -142 + 5?
-106
Evaluate 28 - -2 - (-469 - -515) - (-1 + -3 - 116).
104
What is the value of -25 + (-29 - -58) + -2 + -1?
1
What is the value of -46 - -31 - (-143 - (-2 + -11))?
115
What is (2 - -15) + (-5 - 4) - -76 - (-106 - -94)?
96
What is 113 + -124 + (96 - 20 - (-4 - -4 - 4))?
69
Evaluate (12 - 38 - -29) + (34 - (3 + -4 - 2)).
40
-13 - (21 + -63 + -6 + 4 + -2 + 4)
29
Calculate (13 - 3 - 21) + -2 + 0 + 12 - -71.
70
Evaluate -71 + 133 - 76 - -13.
-1
33 + (-38 - -21) + 20
36
What is (-1 - 1) + -1 - (-55 + 29 + 10)?
13
Evaluate 2 + 11 + 0 + (25 + 11 - 54) + 68.
63
Calculate 35 - (-29 + 66 + -44).
42
Evaluate (-28 - -48) + -6 - (-4 + -45 + -7).
70
What is (-11 - (-11 + 12)) + -130 + 139?
-3
What is (-14 - 0) + (21 - 0) + -35 - (1 - -4)?
-33
What is the value of (7 - (-8 - -45)) + 11?
-19
What is the value of -27 + 31 + (-27 - 12 - -21)?
-14
Calculate 2 - -19 - (-3 - (18 + -8)).
34
What is -13 - ((39 - 27) + -31) - (-1 + 13 + 0)?
-6
Calculate -344 - -293 - (4 + (-35 - -1)).
-21
(87 - 147) + ((1 - -3 - 3) + 1 - 5)
-63
-11 - 6 - 39 - -40
-16
Calculate 339 - 313 - (0 + -3 - 9).
38
What is (19 - 0 - (13 + 47 + -42)) + 29?
30
Evaluate (93 - 82) + (13 - 14) + -36.
-26
What is the value of (290 - (-107 + 300)) + -16 + 1?
82
Calculate 34 - (-14 + (1 + -7 + 23 + -3 - 5)).
39
Calculate 155 + (34 - 110) - 104.
-25
Calculate (7 - 152) + -2 + 140.
-7
Calculate 60 + 22 + (-21 + 28 - 36).
53
What is the value of 10 + 13 + 4 - (-4 + 0 + 17)?
14
Calculate (-23 - -77 - 187) + 112.
-21
Calculate 95 + (3 - (11 + -15)) + (0 - 1) + 2.
103
(33 - 4) + -115 + (108 - 44)
-22
Calculate (-22 - 34) + -18 + -1 + 1 + 8 - 0.
-66
What is the value of 140 + 47 + 2 + -34 + 0?
155
(0 + 14 - (-14 + -4 - -17)) + -49
-34
5 - 4 - 1 - (-3 + 39)
-36
Evaluate -111 + 110 + (-3 - 2 - (4 - (9 + -49))).
-50
Evaluate 48 - (26 + 37) - 21.
-36
What is -2 + (-19 - -34) - (-2 + 5)?
10
What is -575 + 567 - (-4 + (-20 - (4 + -6)))?
14
Evaluate 91 + -65 + (23 - 26) + -1 + 0.
22
Calculate (160 - 114) + -49 + 26.
23
What is ((-38 - (-36 - -30)) + 29 - (6 - 1)) + -2?
-10
What is the value of 11 - (2 + 57 + -4 + (3 - 12))?
-35
What is (-775 + 787 - (1 - -12)) + 5?
4
What is the value of -12 + 12 + (0 - 20) - (-4090 + 4167)?
-97
Calculate -1 + 15 + (106 - 47 - 83) + 35.
25
457 + -466 + 2 + 4 + 24
21
Evaluate -11898 - -11887 - (-2 + (1 - -2) + 82).
-94
What is (-21 - -13) + -4 + -6 + 12 + -6?
-12
(2 + -9 - -21) + (-28 - 27) + 21
-20
36 - (-59 - -43 - -27)
25
Evaluate 45 - (-142 + 23 - -112).
52
(-11 - -30 - 60) + -4 + (1 - -3) + 9
-32
Evaluate -1 + 21 - (27 - 34) - (14 + -21).
34
What is (-10 - (-133 - -388)) + 141?
-124
Calculate (-2 - -9 - (-78 + 0)) + (29 - (19 + 10)).
85
-114 - ((0 - (-14 - -5 - (0 + -21))) + 6)
-108
Evaluate -57 - (2 + (-13 - (-6 + 3))).
-49
Evaluate -14 -